 composite number?
False
Is 1647559 composite?
True
Is 10378019 composite?
True
Is 30177707 composite?
True
Is 50055527 prime?
True
Is 30659591 a prime number?
True
Is 67359923 composite?
False
Is 3127753 composite?
False
Is 303681853 prime?
True
Is 3879979 a composite number?
False
Is 6685219 a prime number?
False
Is 203479 composite?
True
Is 1759047 composite?
True
Is 134105513 prime?
False
Is 16218481 prime?
True
Is 7218527 a prime number?
False
Is 19277177 a prime number?
True
Is 292944961 composite?
False
Is 44293577 a prime number?
False
Is 259995797 a prime number?
False
Is 72050411 a prime number?
True
Is 3866713 a prime number?
True
Is 19197811 prime?
False
Is 7813999 prime?
False
Is 79754659 a prime number?
True
Is 24350441 composite?
False
Is 781537 prime?
False
Is 9175619 a composite number?
False
Is 3389759 prime?
False
Is 26851009 a prime number?
False
Is 149760239 a composite number?
False
Is 1584017363 a prime number?
True
Is 1639949 prime?
True
Is 490996897 prime?
True
Is 370986143 a composite number?
True
Is 308678455 a composite number?
True
Is 31415101 composite?
True
Is 1898889041 composite?
True
Is 2521591 a prime number?
True
Is 260986717 a composite number?
True
Is 1998173 a composite number?
True
Is 2258219 composite?
True
Is 1010557 a composite number?
True
Is 868639 a composite number?
False
Is 44405227 a composite number?
False
Is 5714431 composite?
True
Is 3088867 a composite number?
True
Is 188755609 prime?
False
Is 1634563 a composite number?
True
Is 81480967 prime?
True
Is 445864451 a prime number?
False
Is 29872027 composite?
False
Is 702671 a prime number?
True
Is 294227033 composite?
True
Is 257160971 a composite number?
False
Is 1590119 prime?
True
Is 35863313 a composite number?
True
Is 112606279 a composite number?
True
Is 152359345 prime?
False
Is 19208701 composite?
True
Is 13087237 a prime number?
False
Is 18011855 prime?
False
Is 116789 a prime number?
True
Is 47459 composite?
False
Is 119750459 a composite number?
True
Is 34419521 composite?
False
Is 9570559 prime?
False
Is 5853517 a prime number?
False
Is 5484911 a composite number?
False
Is 875923 a prime number?
True
Is 690101 composite?
True
Is 32248247 composite?
True
Is 10210151 a prime number?
False
Is 112850173 a prime number?
True
Is 17322553 a prime number?
True
Is 606899 a composite number?
False
Is 4499059 composite?
False
Is 11901007 a prime number?
True
Is 35131997 prime?
True
Is 381013 composite?
True
Is 25427923 a composite number?
True
Is 70041317 a prime number?
True
Is 4295699 a composite number?
False
Is 34701209 composite?
False
Is 49986649 a composite number?
False
Is 20317163 a composite number?
False
Is 2652931 a prime number?
False
Is 90210937 a composite number?
False
Is 13001597 a composite number?
True
Is 11747587 composite?
False
Is 3059689 composite?
True
Is 32773549 a prime number?
True
Is 398226791 a prime number?
False
Is 110335327 composite?
True
Is 6849547 prime?
False
Is 223263749 a composite number?
False
Is 87461585 a prime number?
False
Is 22200931 composite?
True
Is 1314877 a prime number?
False
Is 53937691 a prime number?
False
Is 19517063 a prime number?
False
Is 62327411 a composite number?
False
Is 216420301 composite?
True
Is 35766257 prime?
True
Is 3226337 prime?
False
Is 66561631 composite?
True
Is 38121373 a composite number?
True
Is 2397449 a prime number?
True
Is 37762349 composite?
False
Is 1498681 a composite number?
True
Is 1257628733 a composite number?
False
Is 3527581 prime?
True
Is 357635 a composite number?
True
Is 183125273 composite?
False
Is 3789313 a prime number?
False
Is 82363733 composite?
False
Is 11522039 a composite number?
True
Is 98067691 a composite number?
False
Is 9944737 prime?
False
Is 21798137 a composite number?
False
Is 15356767 a composite number?
False
Is 48472447 composite?
False
Is 5077367 composite?
False
Is 254314933 a prime number?
False
Is 27941 a composite number?
False
Is 3928603 prime?
False
Is 192725591 a prime number?
True
Is 310691 composite?
True
Is 127047581 a composite number?
False
Is 500407 a prime number?
False
Is 25615769 a composite number?
False
Is 8203799 a prime number?
False
Is 10475723 prime?
False
Is 17472431 prime?
True
Is 4849613 composite?
False
Is 7595671 a composite number?
False
Is 12983623 composite?
False
Is 58218701 a prime number?
True
Is 4792037 prime?
False
Is 12506215 prime?
False
Is 7994617 a composite number?
False
Is 1025153 a composite number?
False
Is 11946089 prime?
True
Is 26404949 a prime number?
False
Is 355303139 a prime number?
True
Is 449430679 prime?
True
Is 8633861 prime?
True
Is 19315501 prime?
True
Is 14601019 a composite number?
False
Is 10119283 prime?
True
Is 13630499 composite?
True
Is 461182217 prime?
True
Is 172829 composite?
False
Is 6093929 a prime number?
False
Is 3541397 a prime number?
True
Is 70939409 a prime number?
True
Is 2582533 prime?
False
Is 7901349 a prime number?
False
Is 366185 prime?
False
Is 115532171 a composite number?
False
Is 1306477 a composite number?
False
Is 31568969 composite?
False
Is 45857243 prime?
False
Is 284381 a composite number?
True
Is 27084871 composite?
True
Is 9841019 a prime number?
True
Is 102416003 a composite number?
False
Is 2340911 prime?
True
Is 83802295 composite?
True
Is 6999899 composite?
False
Is 2209351 prime?
False
Is 9734437 a prime number?
False
Is 114187049 composite?
True
Is 41011391 prime?
True
Is 268292285 a composite number?
True
Is 112519021 a composite number?
False
Is 97540437 a prime number?
False
Is 2046510965 prime?
False
Is 11797937 a prime number?
True
Is 15027058 prime?
False
Is 39382529 prime?
True
Is 2878961 composite?
False
Is 4382773 composite?
False
Is 864205721 prime?
False
Is 696494611 prime?
True
Is 10521785 prime?
False
Is 160077557 a composite number?
False
Is 19478963 a composite number?
True
Is 20497271 prime?
True
Is 15639317 a composite number?
False
Is 289763 a composite number?
False
Is 5519827 composite?
True
Is 181607347 composite?
True
Is 2207861 composite?
False
Is 323987 a composite number?
False
Is 67230619 a prime number?
True
Is 23144503 a prime number?
True
Is 517311143 prime?
True
Is 5831563 prime?
False
Is 33377 a composite number?
False
Is 306849673 a composite number?
True
Is 1466611 prime?
False
Is 6694211 prime?
True
Is 38227443 prime?
False
Is 34872893 a composite number?
True
Is 10190611 prime?
False
Is 4891871 a prime number?
False
Is 76700919 a composite number?
True
Is 282805759 composite?
True
Is 6884389 a prime number?
True
Is 3076993715 a composite number?
True
Is 29196611 composite?
False
Is 542799811 a prime number?
True
Is 3314119 a prime number?
True
Is 9513197 a prime number?
True
Is 2543201 a composite number?
False
Is 99353747 composite?
True
Is 6556019 a prime number?
True
Is 288598819 a composite number?
False
Is 233664997 prime?
True
Is 41003833 a composite number?
True
Is 2056871 a composite number?
True
Is 10794523 composite?
False
Is 264325799 composite?
False
Is 12413509 composite?
False
Is 60859321 a composite number?
False
Is 31810513 composite?
True
Is 12566291 a prime number?
True
Is 103788233 composite?
True
Is 1605533 a prime number?
True
Is 31681823 composite?
False
Is 13502053 composite?
True
Is 13586317 composite?
True
Is 14957947 a prime number?
True
Is 194736727 composite?
True
Is 490097 prime?
True
Is 9838097 composite?
False
Is 6010393 a composite number?
False
Is 91823357 prime?
True
Is 13650501 a prime number?
False
Is 103286663 composite?
False
Is 14936107 composite?
True
Is 5445857 a prime number?
True
Is 185669251 a composite number?
False
Is 143618999 prime?
True
Is 2090791 a prime number?
True
Is 3116033 a composite number?
False
Is 21551747 a composite number?
True
Is 12646007 composite?
True
Is 5894129 composite?
True
Is 160672507 prime?
True
Is 228374221 composite?
True
Is 77763223 composite?
False
Is 3850033 a composite number?
True
Is 1810889 a composite number?
False
Is 5892967 a composite number?
True
Is 460013 a composite number?
False
Is 18936839 composite?
True
Is 14554313 a composite number?
False
Is 21153853 prime?
False
Is 29465441 prime?
True
Is 25744237 composite?
True
Is 6173741 a prime number?
False
Is 37666649 a composite number?
False
Is 26908391 a co